 s?
4
Suppose r - 14*r = -104. Calculate the remainder when 14 is divided by r.
6
Let w = 14 + -9. Suppose -5*s - 2 = -6*s - 3*x, 2 = -s - w*x. What is the remainder when s is divided by 5?
3
Let l(w) = -w**2 + 8*w - 6. Let d(s) = 2*s**3 - 24*s**2 + 22*s + 5. Calculate the remainder when l(5) is divided by d(11).
4
Let i = -47 + 183. What is the remainder when i is divided by 20?
16
Let f(u) = -u**3 - 17*u**2 - 20*u + 9. Calculate the remainder when f(-16) is divided by 38.
35
Suppose 4*n = 3*h - 201, 8*h - 303 = 3*h - 4*n. Calculate the remainder when h is divided by 16.
15
Let o(b) = -b**3 - 2*b**2 + b. Let j(z) be the first derivative of z**3/3 + 3*z**2/2 + z + 1. Calculate the remainder when j(-5) is divided by o(-3).
5
What is the remainder when 516/10 - ((-13)/(-5) - 3) is divided by 27?
25
What is the remainder when 6 is divided by 9/63 + (-60)/(-21)?
0
Suppose -6*y + y + c = -103, 2*c = -4*y + 88. What is the remainder when y is divided by 11?
10
Let a = 172 - 86. What is the remainder when a is divided by 30?
26
Suppose 44 = -4*i + 12. Suppose -3*b - 6*n + 27 = -n, 0 = b + 4*n - 16. Calculate the remainder when (10/b)/((-1)/i) is divided by 11.
9
Let t be 26/(-30) + (-22)/165. Suppose 0 = -3*y + 16 + 20. What is the remainder when (3 + -1)*t + 37 is divided by y?
11
Let o(g) = -14*g + 1. Let k be o(4). Let c = k - -87. What is the remainder when c is divided by (-22)/(1*1*-2)?
10
Let o(i) = -3*i**3 + i**2 - i. Let b be o(-2). Let r = b + -21. Calculate the remainder when r is divided by (-48)/(-20) - (-6)/10.
0
Let s = -2 - -1. Let w(u) = 21*u**2 - 1. Let l = 22 + -15. What is the remainder when w(s) is divided by l?
6
Let f(q) = -q**3 + 16*q**2 - 28*q + 23. What is the remainder when 41 is divided by f(14)?
18
Suppose 2*n + k = 69, k + 193 - 46 = 4*n. What is the remainder when n is divided by 19?
17
Let a = -8 + 13. Suppose -d = -0*d - a. What is the remainder when d is divided by 4?
1
Let o(v) = 9*v - 1. Let z be (-2)/5 - 114/(-10). Suppose -d - 5 + z = 0. Calculate the remainder when o(2) is divided by d.
5
Let l(o) = 4*o**2 - 3*o - 3. What is the remainder when -18 + 51 + 2/(2/3) is divided by l(-2)?
17
Let d(h) = 7*h + 17. Let k = 1 - -1. Suppose 0 = 2*f + 2*g + 2, 0*g = -4*f - k*g + 2. What is the remainder when d(-2) is divided by f?
1
Let n(b) = b**3 + 9*b**2 - 10*b + 5. Let k be n(-10). Suppose -3*c = -k*c + 76. What is the remainder when c is divided by 13?
12
Calculate the remainder when 320/24 - (-1)/(-3) is divided by 3.
1
Let i be ((-135)/12)/(3/(-108)). Suppose 5*s + f - i = 0, -2*s + 3*s - f = 87. Calculate the remainder when s is divided by 28.
26
Let b = -204 - -301. Suppose 4*s = 100 - 0. What is the remainder when b is divided by s?
22
Suppose -2*c + 3*j = -36, -26 = 3*c - 5*j - 78. Calculate the remainder when c is divided by (-13)/(-2)*(0 + 2).
11
Suppose 5*q + 7 = -4*i - 22, 23 = -3*q - i. Let z be (6/q)/((-3)/(-9)). Let r = z - -8. What is the remainder when 17 is divided by r?
5
Suppose -6*i + 10 = -i. Suppose -y + 4*z + 25 = -z, -5*y + i*z = -79. Let o = -9 + y. What is the remainder when 16 is divided by o?
4
Let h be 14/6*(1 - -2). Let l(y) = y + 10. Let d be l(h). Suppose 2*a - 5*x = -d, a - 5*a + 2*x + 6 = 0. What is the remainder when 13 is divided by a?
1
Let h = 470 + -288. Calculate the remainder when h is divided by 37.
34
Let z be 2/(-4)*(-46 + 0). Let f = z + -14. What is the remainder when 25 is divided by f?
7
Let x = 32 - 23. Suppose 0 = t + 2*t - 6. Suppose 2*d = t*q + 5*d - 39, -60 = -2*q + 4*d. What is the remainder when q is divided by x?
6
Let m be 3*(-1)/(0 + -1). Let o be (m + -2)/((-2)/(-8)). Suppose 8 = o*z - 0. Calculate the remainder when z is divided by 2.
0
Let u(a) = -a**3 + 6*a**2 - 4*a + 4. Suppose -2*j - 2 = 10. Let m be ((-4)/j)/((-2)/(-12)). What is the remainder when u(m) is divided by 11?
9
Let w(p) = p**2 - 3*p + 2. Let r be w(7). Suppose a = 2*a - n - r, 3*a = -3*n + 66. What is the remainder when a is divided by 9?
8
Let n(j) = -2*j**3 + 2*j**2 + 2*j + 1. Let g = 20 - 13. Calculate the remainder when g is divided by n(-1).
1
Suppose 4*q = 3*q + 78. Suppose -2*f - q = -w - w, -2*f - 119 = -3*w. Let t(k) = 2*k**3 - 5*k**2 + 2*k - 1. Calculate the remainder when w is divided by t(3).
13
Suppose 17 = -5*j + 57. Let z = 4 - -1. Suppose l - z = -0*l. What is the remainder when j is divided by l?
3
Calculate the remainder when 36 is divided by (13 + 0)/(0 - -1).
10
Let f = -79 + 8. Suppose -314 - 256 = 5*p. Let c = f - p. What is the remainder when c is divided by 15?
13
What is the remainder when (-3)/((-1)/8*3) is divided by 4?
0
Let m(n) = -n + 1. Let j be m(1). Calculate the remainder when 35 is divided by 9 + j/(3 - 0).
8
Suppose 2*r + 3 = 3*r. Suppose 6*f = r*f + 72. Suppose k + 3*k - 4*j - f = 0, 4*k - 15 = -5*j. Calculate the remainder when k is divided by 2.
1
Suppose -16*f + 99 = -5*f. What is the remainder when 34 is divided by f?
7
Suppose 0 = 7*n - 3*n - 44. Suppose 3 = -4*j + n. Suppose j*f = 6 + 8. What is the remainder when 12 is divided by f?
5
Let c(y) = 6*y + 2. Let b be c(2). Suppose -5*i + b = -76. Calculate the remainder when i is divided by 2 + (2 + 10 - 4).
8
Suppose 0 = -0*l - 3*l + 66. Calculate the remainder when l is divided by 13.
9
Let a(i) = i**2 + 7. Let b = -3 + 5. What is the remainder when a(-5) is divided by (66/12)/(1/b)?
10
Suppose -5*u = 0, 3*u + 2*u + 12 = 4*o. Suppose -t + o*t = 0. Calculate the remainder when (t - 2)/((-2)/32) is divided by 11.
10
What is the remainder when (-4)/18 + (-1384)/(-72) is divided by 11?
8
Let m = -111 - -162. Suppose c = m - 16. Calculate the remainder when c is divided by (1 - 2/(-6))*9.
11
Let q(m) = -3*m + 2. Let u be q(-6). Let a = u - 3. What is the remainder when a is divided by 10?
7
Suppose -82 = 2*f + 94. Let r = f + 154. What is the remainder when r is divided by 17?
15
Suppose -4*v + 154 + 222 = 0. What is the remainder when v is divided by 24?
22
Suppose 5*x - 44 = 6. What is the remainder when 38 is divided by x/(3/3) + 3?
12
Let s(j) = j**2 + 4*j. Let q be s(3). Suppose q = 4*u + 1. Calculate the remainder when 22 is divided by u.
2
Let d(u) = u + 6. Let r be d(-4). Suppose 2 = 4*x - 2, r*n + 2*x = 110. Calculate the remainder when n is divided by 14.
12
Let a = 1 + -3. Let l = 8 + a. Let w = 5 + l. Calculate the remainder when w is divided by 6.
5
Let l(c) = 4*c + 5. What is the remainder when l(4) is divided by 13?
8
Suppose -5*k + 5*v + 85 = -30, -5*v - 1 = k. What is the remainder when k is divided by 11?
8
Suppose 31 = 2*a - 69. Suppose -5*j + a = -0*j. What is the remainder when 17 is divided by j?
7
Let n(f) = f**2 - 2. Let v be n(-2). Suppose 2*o + v = 10. Suppose p - 6 = -0*p. What is the remainder when p is divided by o?
2
Suppose -y - y = 8. What is the remainder when 11 is divided by (-1)/((-11)/y + -3)?
3
Suppose 3*w - 14 - 55 = 0. Let d be (3 + (-18)/3)/(-1). Suppose -2*y - 5*a - 1 = 0, -d*y + 8*a + 51 = 5*a. Calculate the remainder when w is divided by y.
11
Suppose 3*l = -l + 8. What is the remainder when 33 is divided by (1/1)/(l/36)?
15
Suppose 0 = 4*u - 91 - 109. Calculate the remainder when u is divided by -3 + 0 - (-24 - -4).
16
Let m(h) = -2*h + 39. Calculate the remainder when 33 is divided by m(16).
5
What is the remainder when 35/2*(-98)/(-35) is divided by 13?
10
What is the remainder when 46 is divided by (0 - (-98)/6) + 9/(-27)?
14
Suppose -58 - 22 = -4*k. Suppose 4*u = 66 + 170. What is the remainder when u is divided by k?
19
Suppose -4*c + 4*m + 168 = 0, -4*c + 128 = -c - 5*m. What is the remainder when c is divided by 14?
13
Let d = 188 + -113. What is the remainder when d is divided by 19?
18
Suppose -4*n + 0 = -4. Let w(r) = -r**3 + 10*r**2 + r - 9. Calculate the remainder when w(10) is divided by n.
0
Let y(i) = i**3 + 8*i**2 + 7*i + 4. Calculate the remainder when 19 is divided by y(-7).
3
Let s(n) = -n**3 - 3*n**2 + 2*n. Let i be s(-5). Let d = i - 24. What is the remainder when 31 is divided by d?
15
Calculate the remainder when (4/(-4))/(1/(-65)) is divided by 17.
14
Let n be (-8)/60 - (-446)/(-30). Let j = n + 22. What is the remainder when 27 is divided by j?
6
Let i = 22 + 9. What is the remainder when i is divided by 4?
3
Suppose -9*w - 2*w + 308 